{"id":5,"date":"2022-03-19T09:39:26","date_gmt":"2022-03-19T09:39:26","guid":{"rendered":"https:\/\/begge-peder.de\/?page_id=5"},"modified":"2026-03-19T09:54:38","modified_gmt":"2026-03-19T09:54:38","slug":"begge-peder","status":"publish","type":"page","link":"https:\/\/begge-peder.de\/","title":{"rendered":""},"content":{"rendered":"\n<p><\/p>\n\n\n\n<h2 class=\"wp-block-heading\"><b>Begge Peder pr\u00e4sentiert \u201eNeues und Gebrauchtes\u201c<\/b><\/h2>\n\n\n\n<p><\/p>\n\n\n\n<p><br>Der Begge Peder kommt! Mit einem Programm, das so bunt ist wie das Leben selbst.<br>In&nbsp;<strong>\u201eNeues und Gebrauchtes\u201c<\/strong>&nbsp;mischt der hess(l)ichste Hausmeister wieder brandaktuelle Geschichten mit zeitlosen Anekdoten, die jeder kennt \u2013 und garantiert niemand so erz\u00e4hlt wie er.&nbsp;Mit seiner unverwechselbaren Art nimmt Begge Peder den Alltag unter die Lupe: mal grantelnd, mal charmant, immer mit einem Augenzwinkern. Da wird \u00fcber Nachbarschaftspossen, technische Pannen und menschliche Eigenarten philosophiert, dass man sich unweigerlich wiedererkennt \u2013 und lacht, bis die Tr\u00e4nen kommen.&nbsp;<br>Das Publikum erwartet eine Mischung aus&nbsp;<strong>frischem Stoff und bew\u00e4hrten Highlights<\/strong>, gew\u00fcrzt mit hessischem Humor, ehrlicher Schnoddrigkeit und einer gro\u00dfen Portion Lebensweisheit.&nbsp;Wer Begge Peder kennt, wei\u00df: Hier gibt\u2019s keine glattpolierte Comedy von der Stange, sondern echtes Kabarett mit Herz, Verstand und einem kr\u00e4ftigen Schuss Lokalkolorit.&nbsp;<strong>\u201eNeues und Gebrauchtes\u201c \u2013 ein Abend, der bleibt!<\/strong><\/p>\n\n\n\n<div class=\"wp-block-columns is-layout-flex wp-container-core-columns-is-layout-28f84493 wp-block-columns-is-layout-flex\">\n<div class=\"wp-block-column is-layout-flow wp-block-column-is-layout-flow\"><\/div>\n\n\n\n<div class=\"wp-block-column is-layout-flow wp-block-column-is-layout-flow\"><\/div>\n<\/div>\n\n\n\n<p><br><\/p>\n\n\n\n<div class=\"wp-block-columns is-layout-flex wp-container-core-columns-is-layout-28f84493 wp-block-columns-is-layout-flex\">\n<div class=\"wp-block-column is-layout-flow wp-block-column-is-layout-flow\">\n<figure class=\"wp-block-image size-full is-resized\"><img fetchpriority=\"high\" decoding=\"async\" width=\"480\" height=\"619\" src=\"https:\/\/begge-peder.de\/wp-content\/uploads\/2025\/09\/Presse3.jpeg\" alt=\"\" class=\"wp-image-470\" style=\"aspect-ratio:0.7754520101526023;width:496px;height:auto\" srcset=\"https:\/\/begge-peder.de\/wp-content\/uploads\/2025\/09\/Presse3.jpeg 480w, https:\/\/begge-peder.de\/wp-content\/uploads\/2025\/09\/Presse3-233x300.jpeg 233w\" sizes=\"(max-width: 480px) 100vw, 480px\" \/><\/figure>\n<\/div>\n\n\n\n<div class=\"wp-block-column is-vertically-aligned-center is-layout-flow wp-block-column-is-layout-flow\">\n<figure class=\"wp-block-image size-full is-resized\"><a href=\"https:\/\/www.merch.me\/shop\/begge-peder\/\" target=\"_blank\" rel=\" noreferrer noopener\"><img decoding=\"async\" width=\"481\" height=\"613\" src=\"https:\/\/begge-peder.de\/wp-content\/uploads\/2026\/03\/5494.jpeg\" alt=\"\" class=\"wp-image-477\" style=\"aspect-ratio:0.784677320971087;width:540px;height:auto\" srcset=\"https:\/\/begge-peder.de\/wp-content\/uploads\/2026\/03\/5494.jpeg 481w, https:\/\/begge-peder.de\/wp-content\/uploads\/2026\/03\/5494-235x300.jpeg 235w\" sizes=\"(max-width: 481px) 100vw, 481px\" \/><\/a><\/figure>\n<\/div>\n<\/div>\n\n\n\n<p><\/p>\n","protected":false},"excerpt":{"rendered":"<p>Begge Peder pr\u00e4sentiert \u201eNeues und Gebrauchtes\u201c Der Begge Peder kommt! Mit einem Programm, das so bunt ist wie das Leben selbst.In&nbsp;\u201eNeues und Gebrauchtes\u201c&nbsp;mischt der hess(l)ichste Hausmeister wieder brandaktuelle Geschichten mit zeitlosen Anekdoten, die jeder kennt \u2013 und garantiert niemand so erz\u00e4hlt wie er.&nbsp;Mit seiner unverwechselbaren Art nimmt Begge Peder den Alltag unter die Lupe: mal &hellip; <\/p>\n<p class=\"link-more\"><a href=\"https:\/\/begge-peder.de\/\" class=\"more-link\">Mehr <span class=\"screen-reader-text\">\u00fcber &#8222;&#8220; <\/span>Lesen<\/a><\/p>\n","protected":false},"author":1,"featured_media":24,"parent":0,"menu_order":0,"comment_status":"closed","ping_status":"closed","template":"","meta":{"inspiro_hide_title":false,"footnotes":""},"class_list":["post-5","page","type-page","status-publish","has-post-thumbnail","hentry"],"_links":{"self":[{"href":"https:\/\/begge-peder.de\/index.php?rest_route=\/wp\/v2\/pages\/5","targetHints":{"allow":["GET"]}}],"collection":[{"href":"https:\/\/begge-peder.de\/index.php?rest_route=\/wp\/v2\/pages"}],"about":[{"href":"https:\/\/begge-peder.de\/index.php?rest_route=\/wp\/v2\/types\/page"}],"author":[{"embeddable":true,"href":"https:\/\/begge-peder.de\/index.php?rest_route=\/wp\/v2\/users\/1"}],"replies":[{"embeddable":true,"href":"https:\/\/begge-peder.de\/index.php?rest_route=%2Fwp%2Fv2%2Fcomments&post=5"}],"version-history":[{"count":376,"href":"https:\/\/begge-peder.de\/index.php?rest_route=\/wp\/v2\/pages\/5\/revisions"}],"predecessor-version":[{"id":503,"href":"https:\/\/begge-peder.de\/index.php?rest_route=\/wp\/v2\/pages\/5\/revisions\/503"}],"wp:featuredmedia":[{"embeddable":true,"href":"https:\/\/begge-peder.de\/index.php?rest_route=\/wp\/v2\/media\/24"}],"wp:attachment":[{"href":"https:\/\/begge-peder.de\/index.php?rest_route=%2Fwp%2Fv2%2Fmedia&parent=5"}],"curies":[{"name":"wp","href":"https:\/\/api.w.org\/{rel}","templated":true}]}}

<p></p>



<h2 class="wp-block-heading"><b>Begge Peder präsentiert „Neues und Gebrauchtes“</b></h2>



<p></p>



<p><br>Der Begge Peder kommt! Mit einem Programm, das so bunt ist wie das Leben selbst.<br>In&nbsp;<strong>„Neues und Gebrauchtes“</strong>&nbsp;mischt der hess(l)ichste Hausmeister wieder brandaktuelle Geschichten mit zeitlosen Anekdoten, die jeder kennt – und garantiert niemand so erzählt wie er.&nbsp;Mit seiner unverwechselbaren Art nimmt Begge Peder den Alltag unter die Lupe: mal grantelnd, mal charmant, immer mit einem Augenzwinkern. Da wird über Nachbarschaftspossen, technische Pannen und menschliche Eigenarten philosophiert, dass man sich unweigerlich wiedererkennt – und lacht, bis die Tränen kommen.&nbsp;<br>Das Publikum erwartet eine Mischung aus&nbsp;<strong>frischem Stoff und bewährten Highlights</strong>, gewürzt mit hessischem Humor, ehrlicher Schnoddrigkeit und einer großen Portion Lebensweisheit.&nbsp;Wer Begge Peder kennt, weiß: Hier gibt’s keine glattpolierte Comedy von der Stange, sondern echtes Kabarett mit Herz, Verstand und einem kräftigen Schuss Lokalkolorit.&nbsp;<strong>„Neues und Gebrauchtes“ – ein Abend, der bleibt!</strong></p>



<div class="wp-block-columns is-layout-flex wp-container-core-columns-is-layout-28f84493 wp-block-columns-is-layout-flex">
<div class="wp-block-column is-layout-flow wp-block-column-is-layout-flow"></div>



<div class="wp-block-column is-layout-flow wp-block-column-is-layout-flow"></div>
</div>



<p><br></p>



<div class="wp-block-columns is-layout-flex wp-container-core-columns-is-layout-28f84493 wp-block-columns-is-layout-flex">
<div class="wp-block-column is-layout-flow wp-block-column-is-layout-flow">
<figure class="wp-block-image size-full is-resized"><img fetchpriority="high" decoding="async" width="480" height="619" src="https://begge-peder.de/wp-content/uploads/2025/09/Presse3.jpeg" alt="" class="wp-image-470" style="aspect-ratio:0.7754520101526023;width:496px;height:auto" srcset="https://begge-peder.de/wp-content/uploads/2025/09/Presse3.jpeg 480w, https://begge-peder.de/wp-content/uploads/2025/09/Presse3-233x300.jpeg 233w" sizes="(max-width: 480px) 100vw, 480px" /></figure>
</div>



<div class="wp-block-column is-vertically-aligned-center is-layout-flow wp-block-column-is-layout-flow">
<figure class="wp-block-image size-full is-resized"><a href="https://www.merch.me/shop/begge-peder/" target="_blank" rel=" noreferrer noopener"><img decoding="async" width="481" height="613" src="https://begge-peder.de/wp-content/uploads/2026/03/5494.jpeg" alt="" class="wp-image-477" style="aspect-ratio:0.784677320971087;width:540px;height:auto" srcset="https://begge-peder.de/wp-content/uploads/2026/03/5494.jpeg 481w, https://begge-peder.de/wp-content/uploads/2026/03/5494-235x300.jpeg 235w" sizes="(max-width: 481px) 100vw, 481px" /></a></figure>
</div>
</div>



<p></p>

<p>Begge Peder präsentiert „Neues und Gebrauchtes“ Der Begge Peder kommt! Mit einem Programm, das so bunt ist wie das Leben selbst.In&nbsp;„Neues und Gebrauchtes“&nbsp;mischt der hess(l)ichste Hausmeister wieder brandaktuelle Geschichten mit zeitlosen Anekdoten, die jeder kennt – und garantiert niemand so erzählt wie er.&nbsp;Mit seiner unverwechselbaren Art nimmt Begge Peder den Alltag unter die Lupe: mal &hellip; </p>
<p class="link-more"><a href="https://begge-peder.de/" class="more-link">Mehr <span class="screen-reader-text">über &#8222;&#8220; </span>Lesen</a></p>
